ltiple of 90?
False
Is 19 a factor of 18830?
False
Is 924 a multiple of 6?
True
Does 451 divide 89693?
False
Is 10614 a multiple of 44?
False
Does 21 divide 1352?
False
Does 29 divide 286?
False
Is 8 a factor of 8?
True
Is 39608 a multiple of 250?
False
Does 76 divide 9652?
True
Is 29 a factor of 755?
False
Does 10 divide 36010?
True
Is 17041 a multiple of 24?
False
Is 41 a factor of 2573?
False
Is 10 a factor of 19991?
False
Is 16380 a multiple of 60?
True
Does 11 divide 5500?
True
Is 3778 a multiple of 178?
False
Is 6 a factor of 7886?
False
Is 19 a factor of 532?
True
Is 11 a factor of 10318?
True
Does 73 divide 24528?
True
Does 16 divide 928?
True
Is 308 a multiple of 14?
True
Is 7 a factor of 791?
True
Does 21 divide 398?
False
Does 8 divide 3912?
True
Does 43 divide 874?
False
Is 18 a factor of 2700?
True
Is 2094 a multiple of 3?
True
Is 12 a factor of 1236?
True
Is 2298 a multiple of 26?
False
Is 8640 a multiple of 43?
False
Is 123 a factor of 3738?
False
Does 4 divide 228?
True
Is 20 a factor of 440?
True
Is 18 a factor of 9828?
True
Is 6 a factor of 115?
False
Does 76 divide 2052?
True
Is 72 a factor of 432?
True
Is 18522 a multiple of 42?
True
Is 104 a factor of 2178?
False
Is 18 a factor of 774?
True
Does 123 divide 85239?
True
Is 1316 a multiple of 22?
False
Does 11 divide 1738?
True
Is 45208 a multiple of 266?
False
Does 29 divide 15660?
True
Is 5044 even?
True
Does 9 divide 59868?
True
Is 3 a factor of 849?
True
Is 23170 a multiple of 265?
False
Does 6 divide 166?
False
Is 939 a multiple of 13?
False
Is 14 a factor of 630?
True
Does 5 divide 15087?
False
Does 71 divide 39653?
False
Is 1377 a multiple of 61?
False
Is 30 a factor of 883?
False
Is 90 a factor of 17599?
False
Is 6400 a multiple of 5?
True
Is 11 a factor of 878?
False
Is 53 a factor of 5619?
False
Is 6 a factor of 17120?
False
Is 50 a factor of 382?
False
Is 16 a factor of 496?
True
Is 14 a factor of 5756?
False
Is 10 a factor of 2020?
True
Is 15 a factor of 386?
False
Does 41 divide 7712?
False
Is 3366 a multiple of 33?
True
Is 14 a factor of 2489?
False
Is 3 a factor of 153?
True
Does 54 divide 724?
False
Does 14 divide 12040?
True
Is 15 a factor of 103?
False
Is 732 a multiple of 48?
False
Is 187 a multiple of 40?
False
Does 70 divide 3526?
False
Does 102 divide 287?
False
Does 27 divide 2646?
True
Is 7320 a multiple of 20?
True
Is 12 a factor of 420?
True
Is 45 a factor of 2070?
True
Is 3147 a multiple of 34?
False
Is 6249 a multiple of 47?
False
Is 14795 a multiple of 31?
False
Is 10 a factor of 84?
False
Is 1236 a multiple of 4?
True
Is 317 a multiple of 19?
False
Does 80 divide 6560?
True
Is 8888 a multiple of 12?
False
Does 13 divide 260?
True
Is 4 a factor of 1226?
False
Is 512 a multiple of 64?
True
Is 37 a factor of 233?
False
Does 6 divide 413?
False
Is 631 a multiple of 6?
False
Is 686 a multiple of 19?
False
Does 22 divide 30712?
True
Does 13 divide 8073?
True
Is 8 a factor of 768?
True
Does 63 divide 1298?
False
Does 84 divide 11508?
True
Does 29 divide 522?
True
Is 5 a factor of 215?
True
Does 51 divide 3315?
True
Does 11 divide 1451?
False
Is 88 a multiple of 11?
True
Is 219 a multiple of 9?
False
Does 34 divide 578?
True
Is 1784 a multiple of 99?
False
Does 6 divide 1064?
False
Is 9 a factor of 4237?
False
Does 28 divide 220?
False
Is 1302 a multiple of 14?
True
Is 2 a factor of 200?
True
Is 33 a factor of 627?
True
Is 990 a multiple of 22?
True
Is 2838 a multiple of 43?
True
Does 13 divide 2743?
True
Does 145 divide 17936?
False
Is 4 a factor of 79?
False
Is 350 a multiple of 35?
True
Is 18 a factor of 563?
False
Does 90 divide 25803?
False
Does 21 divide 26894?
False
Is 65 a factor of 975?
True
Is 29 a factor of 40?
False
Is 37 a factor of 579?
False
Is 6101 a multiple of 53?
False
Is 8176 a multiple of 14?
True
Does 7 divide 7511?
True
Does 119 divide 2618?
True
Is 80 a factor of 1280?
True
Is 25109 a multiple of 12?
False
Does 159 divide 126638?
False
Does 28 divide 1064?
True
Does 4 divide 53?
False
Is 19 a factor of 54718?
False
Does 9 divide 10683?
True
Is 238 a multiple of 4?
False
Is 4815 a multiple of 15?
True
Does 31 divide 3472?
True
Does 36 divide 819?
False
Is 7 a factor of 3040?
False
Is 570 a multiple of 45?
False
Is 2754 a multiple of 102?
True
Is 37950 a multiple of 230?
True
Is 27 a factor of 594?
True
Does 27 divide 21196?
False
Is 22 a factor of 13838?
True
Does 16 divide 4128?
True
Is 13 a factor of 2925?
True
Does 3 divide 131?
False
Is 1315 a multiple of 13?
False
Is 168 a multiple of 12?
True
Does 14 divide 3872?
False
Is 2662 a multiple of 22?
True
Does 18 divide 162?
True
Does 312 divide 40872?
True
Is 39 a multiple of 39?
True
Is 2538 a multiple of 16?
False
Is 982 a multiple of 73?
False
Does 20 divide 280?
True
Does 8 divide 2379?
False
Is 7523 a multiple of 199?
False
Is 10 a factor of 226?
False
Is 2446 a multiple of 13?
False
Does 15 divide 4486?
False
Does 50 divide 4146?
False
Is 8763 a multiple of 89?
False
Is 14 a factor of 3556?
True
Is 135 a factor of 3780?
True
Does 15 divide 2175?
True
Is 70 a multiple of 5?
True
Is 128 a factor of 4885?
False
Does 19 divide 4674?
True
Does 49 divide 2147?
False
Does 54 divide 58374?
True
Is 13 a factor of 50167?
True
Is 52 a factor of 14353?
False
Is 15 a factor of 120?
True
Is 5 a factor of 675?
True
Is 34 a factor of 442?
True
Does 11 divide 8072?
False
Is 80 a factor of 73869?
False
Is 35 a factor of 1024?
False
Does 60 divide 8100?
True
Is 21 a multiple of 3?
True
Is 1872 a multiple of 72?
True
Is 101 a factor of 8080?
True
Is 1873 a multiple of 6?
False
Is 28670 a multiple of 34?
False
Does 3 divide 1744?
False
Does 57 divide 28785?
True
Is 15 a factor of 236?
False
Is 7 a factor of 2142?
True
Is 30 a factor of 10230?
True
Does 21 divide 348?
False
Is 71 a multiple of 71?
True
Is 8 a factor of 2428?
False
Does 18 divide 36854?
False
Is 22308 a multiple of 13?
True
Is 3468 a multiple of 27?
False
Is 11908 a multiple of 52?
True
Does 8 divide 443?
False
Is 170816 a multiple of 136?
True
Is 37 a factor of 9139?
True
Is 101 a factor of 75606?
False
Does 23 divide 13547?
True
Does 12 divide 912?
True
Is 12 a factor of 310?
False
Is 480 a multiple of 10?
True
Does 9 divide 1728?
True
Is 18 a factor of 738?
True
Is 42 a factor of 1276?
False
Is 20 a factor of 14949?
False
Does 186 divide 9858?
True
Does 8 divide 319?
False
Is 99265 a multiple of 43?
False
Does 4 divide 100?
True
Is 775 a multiple of 5?
True
Does 13 divide 8073?
True
Is 223 a factor of 24976?
True
Is 188 a factor of 36472?
True
Is 9 a factor of 5463?
True
Is 374 a multiple of 17?
True
Does 279 divide 3334?
False
Is 4246 a multiple of 95?
False
Is 195 a factor of 13650?
True
Is 1116 a multiple of 18?
True
Is 28 a factor of 3668?
True
Is 46 a multiple of 23?
True
Does 35 divide 1101?
False
Does 87 divide 4085?
False
Is 11077 a multiple of 10?
False
Is 1539 a multiple of 81?
True
Is 159 a factor of 6477?
False
Is 534 a multiple of 32?
False
Is 1452 a multiple of 66?
True
Is 195 a factor of 35282?
False
Is 33 a factor of 25872?
True
Is 33229 a multiple of 16?
False
Is 1560 a multiple of 23?
False
Is 341 a multiple of 9?
False
Does 87 divide 14094?
True
Is 374 a multiple of 22?
True
Is 15856 a multiple of 16?
True
Does 76 divide 1886?
False
Does 83 divide 12118?
True
Is 36175 a multiple of 14?
False
Is 188 a multiple of 3?
False
Is 9 a factor of 234?
True
Is 1815 a multiple of 5?
True
Is 13 a factor of 624?
True
Is 8220 a multiple of 4?
True
Is 9540 a multiple of 106?
True
Is 19 a factor of 9215?
True
Is 43 a factor of 60251?
False
Is 27 a factor of 2040?
False
Is 5888 a multiple of 50?
False
Is 42 a factor of 32298?
True
Does 29 divide 1948?
False
Is 3040 a multiple of 17?
False
Does 117 divide 14478?
False
Does 34 divide 27013?
False
Is 22 a factor of 154?
True
Does 61 divide 46399?
False
Does 8 divide 19260?
False
Is 19 a factor of 19022?
False
Is 53 a factor of 1166?
True
Is 10157 a multiple of 9?
False
Is 70 a factor of 25060?
True
Is 112 a factor of 9158?
False
Does 19 divide 23829?
False
Does 9 divide 324?
True
Does 38 divide 7862?
False
Is 2 a factor of 150?
True
Is 88860 a multiple of 20?
True
Is 16 a factor of 32260?
False
Is 963 a multiple of 9?
True
Does 5 divide 2335?
True
Does 79 divide 4582?
True
